{"id":402,"date":"2025-01-31T00:17:33","date_gmt":"2025-01-30T23:17:33","guid":{"rendered":"https:\/\/grupomasquemarketing.com\/?page_id=402"},"modified":"2025-01-31T00:21:44","modified_gmt":"2025-01-30T23:21:44","slug":"politica-de-cookies","status":"publish","type":"page","link":"https:\/\/grupomasquemarketing.com\/index.php\/politica-de-cookies\/","title":{"rendered":"Pol\u00edtica de Cookies"},"content":{"rendered":"\t\t<div data-elementor-type=\"wp-page\" data-elementor-id=\"402\" class=\"elementor elementor-402\">\n\t\t\t\t<div class=\"elementor-element elementor-element-e706b27 e-flex e-con-boxed e-con e-parent\" data-id=\"e706b27\" data-element_type=\"container\">\n\t\t\t\t\t<div class=\"e-con-inner\">\n\t\t\t\t<div class=\"elementor-element elementor-element-40569c5 elementor-widget elementor-widget-heading\" data-id=\"40569c5\" data-element_type=\"widget\" data-widget_type=\"heading.default\">\n\t\t\t\t<div class=\"elementor-widget-container\">\n\t\t\t\t\t<h2 class=\"elementor-heading-title elementor-size-default\">Pol\u00edtica de Cookies <\/h2>\t\t\t\t<\/div>\n\t\t\t\t<\/div>\n\t\t\t\t<div class=\"elementor-element elementor-element-516e4df elementor-widget elementor-widget-text-editor\" data-id=\"516e4df\" data-element_type=\"widget\" data-widget_type=\"text-editor.default\">\n\t\t\t\t<div class=\"elementor-widget-container\">\n\t\t\t\t\t\t\t\t\t<p>Como responsable de este sitio web, me he asegurado de cumplir con la normativa vigente sobre el uso de cookies. Sin embargo, debido a la forma en la que funciona Internet y los sitios web, no siempre es posible contar con informaci\u00f3n actualizada de las cookies que terceros puedan utilizar a trav\u00e9s de este sitio web.<\/p>\n<p><br><\/p>\n<p>Esto aplica especialmente en casos en los que esta p\u00e1gina web contiene elementos integrados, como textos, documentos, im\u00e1genes o v\u00eddeos almacenados en otra parte pero mostrados en nuestro sitio web.<\/p>\n<p>Si encuentras cookies en este sitio web que no est\u00e9n enumeradas en la lista siguiente, te agradecer\u00eda que me lo comuniques escribiendo a <a rel=\"noopener\">hola@aliciamatias.com<\/a>. Tambi\u00e9n puedes ponerte en contacto directamente con el tercero para obtener m\u00e1s informaci\u00f3n sobre las cookies que coloca, su finalidad y duraci\u00f3n, y c\u00f3mo ha garantizado tu privacidad.<\/p>\n<p><br><\/p>\n<p>\u00bfQU\u00c9 SON LAS COOKIES?<\/p><p><br><\/p>\n<p>Las cookies son peque\u00f1os archivos de texto que los servidores web almacenan en tu navegador cuando visitas un sitio web. Sirven para recordar informaci\u00f3n sobre la navegaci\u00f3n del usuario y mejorar su experiencia. Las cookies pueden tener una fecha de caducidad que oscila desde el tiempo que dura la sesi\u00f3n hasta una fecha futura especificada, a partir de la cual dejan de ser operativas.<\/p><p><span style=\"font-style: inherit; font-weight: inherit; font-family: var( --e-global-typography-text-font-family ), Sans-serif; background-color: var(--ast-global-color-4);\"><br><\/span><\/p><p><span style=\"font-style: inherit; font-weight: inherit; font-family: var( --e-global-typography-text-font-family ), Sans-serif; background-color: var(--ast-global-color-4);\">COOKIES QUE UTILIZA ESTA WEB<\/span><\/p><p><span style=\"font-style: inherit; font-weight: inherit; font-family: var( --e-global-typography-text-font-family ), Sans-serif; background-color: var(--ast-global-color-4);\"><br><\/span><\/p>\n<p>Este sitio web utiliza cookies propias y de terceros para mejorar la experiencia de navegaci\u00f3n, permitir compartir contenido en redes sociales, mostrar anuncios relevantes y obtener estad\u00edsticas de usuarios.<\/p>\n<p>Las cookies empleadas en +QUE MARKETING se asocian \u00fanicamente con un usuario an\u00f3nimo y su dispositivo, no proporcionan informaci\u00f3n personal ni pueden leer datos almacenados en su disco duro.<\/p>\n<p>El usuario puede configurar su navegador para aceptar o rechazar todas las cookies, o recibir un aviso en pantalla cada vez que se recibe una nueva cookie y decidir en ese momento si la acepta o no. Si el usuario decide rechazar las cookies, podr\u00e1 seguir navegando por el sitio web, pero algunas funcionalidades pueden verse afectadas.<\/p>\n<p>Las cookies utilizadas en este sitio web permiten:<\/p>\n<p>Que la web funcione correctamente<br>Ahorrar al usuario la necesidad de iniciar sesi\u00f3n cada vez que visita el sitio<br>Recordar los ajustes del usuario durante y entre visitas<br>Permitir la visualizaci\u00f3n de v\u00eddeos<br>Mejorar la velocidad y seguridad del sitio<br>Permitir compartir p\u00e1ginas en redes sociales<br>Mejorar continuamente el sitio web<br>Mostrar anuncios relevantes en funci\u00f3n de los h\u00e1bitos de navegaci\u00f3n del usuario<\/p>\n<p>No utilizaremos cookies para:<\/p>\n<p>Recoger informaci\u00f3n de identificaci\u00f3n personal sin tu consentimiento expreso<br>Recoger informaci\u00f3n sensible sin tu consentimiento expreso<br>Compartir datos de identificaci\u00f3n personal con terceros<\/p><p><span style=\"background-color: var(--ast-global-color-4); font-family: var( --e-global-typography-text-font-family ), Sans-serif; font-style: inherit; font-weight: inherit;\"><br><\/span><\/p><p><span style=\"background-color: var(--ast-global-color-4); font-family: var( --e-global-typography-text-font-family ), Sans-serif; font-style: inherit; font-weight: inherit;\">COOKIES DE TERCEROS<\/span><\/p><p><span style=\"background-color: var(--ast-global-color-4); font-family: var( --e-global-typography-text-font-family ), Sans-serif; font-style: inherit; font-weight: inherit;\"><br><\/span><\/p>\n<p>Este sitio web, como la mayor\u00eda de los sitios web, incluye funcionalidades proporcionadas por terceros, lo que puede modificar la configuraci\u00f3n de cookies ocasionalmente y hacer que aparezcan cookies no detalladas en esta pol\u00edtica. Son cookies provisionales utilizadas con fines de prueba y evaluaci\u00f3n y en ning\u00fan caso se emplear\u00e1n para comprometer tu privacidad.<\/p>\n<p>Las cookies de terceros m\u00e1s utilizadas incluyen:<\/p>\n<p>Google Analytics: Utilizada para analizar el uso del sitio web y mejorar la usabilidad, pero sin identificar a los usuarios. Google Analytics es un servicio proporcionado por Google, Inc., cuya oficina principal est\u00e1 en 1600 Amphitheatre Parkway, Mountain View, California, CA 94043, Estados Unidos. Puedes consultar aqu\u00ed el tipo de cookies utilizadas por Google.<\/p>\n<p>Facebook e Instagram: Utilizadas para interactuar con el usuario a trav\u00e9s de sus redes sociales. Para m\u00e1s informaci\u00f3n, consulta la pol\u00edtica de cookies de Facebook.<\/p>\n<p>YouTube: Utilizada para almacenar preferencias del usuario al visualizar v\u00eddeos en el sitio web. Puedes obtener m\u00e1s informaci\u00f3n en la pol\u00edtica de privacidad de YouTube.<\/p>\n<p>Cookies de redes sociales: Las cookies de redes sociales pueden almacenarse en tu navegador mientras navegas por este sitio web, por ejemplo, cuando utilizas el bot\u00f3n de compartir contenido en redes sociales.<\/p>\n<p>Las empresas que generan estas cookies tienen sus propias pol\u00edticas de cookies:<\/p>\n<p>Facebook: <a rel=\"noopener\" target=\"_new\" href=\"https:\/\/www.facebook.com\/policies\/cookies\/\">https:\/\/www.facebook.com\/policies\/cookies\/<\/a><br>Twitter: <a rel=\"noopener\" target=\"_new\" href=\"https:\/\/twitter.com\/privacy\">https:\/\/twitter.com\/privacy<\/a><br>Instagram: <a rel=\"noopener\" target=\"_new\" href=\"https:\/\/help.instagram.com\/155833707900388\">https:\/\/help.instagram.com\/155833707900388<\/a><br>LinkedIn: <a rel=\"noopener\" target=\"_new\" href=\"https:\/\/www.linkedin.com\/legal\/cookie-policy\">https:\/\/www.linkedin.com\/legal\/cookie-policy<\/a><br><span style=\"font-style: inherit; font-weight: inherit; font-family: var( --e-global-typography-text-font-family ), Sans-serif; background-color: var(--ast-global-color-4);\"><br><\/span><\/p><p><span style=\"font-style: inherit; font-weight: inherit; font-family: var( --e-global-typography-text-font-family ), Sans-serif; background-color: var(--ast-global-color-4);\">\u00bfC\u00d3MO PUEDO GESTIONAR Y DESACTIVAR ESTAS COOKIES?<\/span><\/p><p><span style=\"font-style: inherit; font-weight: inherit; font-family: var( --e-global-typography-text-font-family ), Sans-serif; background-color: var(--ast-global-color-4);\"><br><\/span><\/p>\n<p>Si no deseas que este sitio web instale cookies en tu equipo, puedes configurar tu navegador para que se te notifique antes de descargar cualquier cookie o para que las rechace por completo.<\/p>\n<p>La configuraci\u00f3n de cada navegador es diferente, por lo que te recomendamos consultar la secci\u00f3n de ayuda de tu navegador para saber c\u00f3mo cambiar la configuraci\u00f3n.<\/p>\n<p>A continuaci\u00f3n, te facilitamos enlaces donde puedes encontrar m\u00e1s informaci\u00f3n sobre la configuraci\u00f3n de cookies en los navegadores m\u00e1s utilizados:<\/p>\n<p>Google Chrome<br>Microsoft Edge<br>Mozilla Firefox<br>Safari<\/p>\n<p><br><\/p>\n<p>Si decides eliminar las cookies de este sitio web, algunas funciones pueden verse afectadas y no podremos ofrecerte una experiencia de usuario personalizada.<\/p>\n<p><br><\/p>\n<p>Si tienes cualquier duda sobre nuestra pol\u00edtica de cookies, puedes contactar con nosotros en <a rel=\"noopener\">hola@aliciamatias.com<\/a>.<\/p>\t\t\t\t\t\t\t\t<\/div>\n\t\t\t\t<\/div>\n\t\t\t\t\t<\/div>\n\t\t\t\t<\/div>\n\t\t\t\t<\/div>\n\t\t","protected":false},"excerpt":{"rendered":"<p>Pol\u00edtica de Cookies Como responsable de este sitio web, me he asegurado de cumplir con la normativa vigente sobre el [&hellip;]<\/p>\n","protected":false},"author":1,"featured_media":0,"parent":0,"menu_order":0,"comment_status":"closed","ping_status":"closed","template":"elementor_canvas","meta":{"site-sidebar-layout":"no-sidebar","site-content-layout":"","ast-site-content-layout":"full-width-container","site-content-style":"default","site-sidebar-style":"default","ast-global-header-display":"","ast-banner-title-visibility":"","ast-main-header-display":"","ast-hfb-above-header-display":"","ast-hfb-below-header-display":"","ast-hfb-mobile-header-display":"","site-post-title":"disabled","ast-breadcrumbs-content":"","ast-featured-img":"disabled","footer-sml-layout":"","theme-transparent-header-meta":"","adv-header-id-meta":"","stick-header-meta":"","header-above-stick-meta":"","header-main-stick-meta":"","header-below-stick-meta":"","astra-migrate-meta-layouts":"default","ast-page-background-enabled":"default","ast-page-background-meta":{"desktop":{"background-color":"var(--ast-global-color-5)","background-image":"","background-repeat":"repeat","background-position":"center center","background-size":"auto","background-attachment":"scroll","background-type":"","background-media":"","overlay-type":"","overlay-color":"","overlay-opacity":"","overlay-gradient":""},"tablet":{"background-color":"","background-image":"","background-repeat":"repeat","background-position":"center center","background-size":"auto","background-attachment":"scroll","background-type":"","background-media":"","overlay-type":"","overlay-color":"","overlay-opacity":"","overlay-gradient":""},"mobile":{"background-color":"","background-image":"","background-repeat":"repeat","background-position":"center center","background-size":"auto","background-attachment":"scroll","background-type":"","background-media":"","overlay-type":"","overlay-color":"","overlay-opacity":"","overlay-gradient":""}},"ast-content-background-meta":{"desktop":{"background-color":"var(--ast-global-color-4)","background-image":"","background-repeat":"repeat","background-position":"center center","background-size":"auto","background-attachment":"scroll","background-type":"","background-media":"","overlay-type":"","overlay-color":"","overlay-opacity":"","overlay-gradient":""},"tablet":{"background-color":"var(--ast-global-color-4)","background-image":"","background-repeat":"repeat","background-position":"center center","background-size":"auto","background-attachment":"scroll","background-type":"","background-media":"","overlay-type":"","overlay-color":"","overlay-opacity":"","overlay-gradient":""},"mobile":{"background-color":"var(--ast-global-color-4)","background-image":"","background-repeat":"repeat","background-position":"center center","background-size":"auto","background-attachment":"scroll","background-type":"","background-media":"","overlay-type":"","overlay-color":"","overlay-opacity":"","overlay-gradient":""}},"footnotes":""},"class_list":["post-402","page","type-page","status-publish","hentry"],"_links":{"self":[{"href":"https:\/\/grupomasquemarketing.com\/index.php\/wp-json\/wp\/v2\/pages\/402","targetHints":{"allow":["GET"]}}],"collection":[{"href":"https:\/\/grupomasquemarketing.com\/index.php\/wp-json\/wp\/v2\/pages"}],"about":[{"href":"https:\/\/grupomasquemarketing.com\/index.php\/wp-json\/wp\/v2\/types\/page"}],"author":[{"embeddable":true,"href":"https:\/\/grupomasquemarketing.com\/index.php\/wp-json\/wp\/v2\/users\/1"}],"replies":[{"embeddable":true,"href":"https:\/\/grupomasquemarketing.com\/index.php\/wp-json\/wp\/v2\/comments?post=402"}],"version-history":[{"count":7,"href":"https:\/\/grupomasquemarketing.com\/index.php\/wp-json\/wp\/v2\/pages\/402\/revisions"}],"predecessor-version":[{"id":409,"href":"https:\/\/grupomasquemarketing.com\/index.php\/wp-json\/wp\/v2\/pages\/402\/revisions\/409"}],"wp:attachment":[{"href":"https:\/\/grupomasquemarketing.com\/index.php\/wp-json\/wp\/v2\/media?parent=402"}],"curies":[{"name":"wp","href":"https:\/\/api.w.org\/{rel}","templated":true}]}}