{"id":395,"date":"2025-01-31T00:11:34","date_gmt":"2025-01-30T23:11:34","guid":{"rendered":"https:\/\/grupomasquemarketing.com\/?page_id=395"},"modified":"2025-01-31T00:16:23","modified_gmt":"2025-01-30T23:16:23","slug":"av","status":"publish","type":"page","link":"https:\/\/grupomasquemarketing.com\/index.php\/av\/","title":{"rendered":"Aviso Legal"},"content":{"rendered":"\t\t<div data-elementor-type=\"wp-page\" data-elementor-id=\"395\" class=\"elementor elementor-395\">\n\t\t\t\t<div class=\"elementor-element elementor-element-4f913f5 e-flex e-con-boxed e-con e-parent\" data-id=\"4f913f5\" data-element_type=\"container\">\n\t\t\t\t\t<div class=\"e-con-inner\">\n\t\t\t\t<div class=\"elementor-element elementor-element-1825643 elementor-widget elementor-widget-heading\" data-id=\"1825643\" data-element_type=\"widget\" data-widget_type=\"heading.default\">\n\t\t\t\t<div class=\"elementor-widget-container\">\n\t\t\t\t\t<h2 class=\"elementor-heading-title elementor-size-default\">Aviso Legal y T\u00e9rminos de Uso<\/h2>\t\t\t\t<\/div>\n\t\t\t\t<\/div>\n\t\t\t\t<div class=\"elementor-element elementor-element-cc19df2 elementor-widget elementor-widget-text-editor\" data-id=\"cc19df2\" data-element_type=\"widget\" data-widget_type=\"text-editor.default\">\n\t\t\t\t<div class=\"elementor-widget-container\">\n\t\t\t\t\t\t\t\t\t<p><span style=\"font-style: inherit; font-weight: inherit; font-family: var( --e-global-typography-text-font-family ), Sans-serif; background-color: var(--ast-global-color-4);\">1. Puedo garantizarte que te encuentras en un espacio 100 % seguro, para ello debes saber:<\/span><\/p>\n<p><br><\/p>\n<p>1.1. Datos identificativos del responsable<\/p>\n<p>Tal y como recoge la normativa vigente, te informamos que:<\/p>\n<p>La denominaci\u00f3n comercial del responsable de este sitio web es: +QUE MARKETING<br>Domicilio social: Las Palmas de Gran Canaria, Espa\u00f1a<br>Correo electr\u00f3nico: <a rel=\"noopener\">hola@aliciamatias.com<\/a><br>Tel\u00e9fono: +34 622 759 665<br>Actividad: Agencia de marketing digital, automatizaci\u00f3n y formaci\u00f3n en negocios digitales<\/p>\n<p><br><\/p>\n<p>1.2. Finalidad de la p\u00e1gina web<\/p>\n<p>Los servicios prestados por el responsable de la p\u00e1gina web son los siguientes:<\/p>\n<p>Ofrecer informaci\u00f3n sobre nuestros servicios de marketing digital, automatizaci\u00f3n y formaci\u00f3n<br>Gestionar la lista de suscriptores y el env\u00edo de contenido de valor a trav\u00e9s de la newsletter<br>Comercializar cursos, ebooks, formaciones y servicios digitales<br>Facilitar la comunicaci\u00f3n entre el usuario y +QUE MARKETING a trav\u00e9s de formularios de contacto<\/p>\n<p><br><\/p>\n<p>1.3. Usuarios<\/p>\n<p>El acceso y\/o uso de este sitio web atribuye la condici\u00f3n de usuario, quien acepta desde dicho acceso y\/o uso los presentes t\u00e9rminos de uso. No obstante, por el mero uso de la p\u00e1gina web no significa el inicio de una relaci\u00f3n comercial alguna.<\/p>\n<p><br><\/p>\n<p>1.4. Uso del sitio web y captura de informaci\u00f3n<\/p>\n<p><br><\/p>\n<p><span style=\"font-style: inherit; font-weight: inherit; font-family: var( --e-global-typography-text-font-family ), Sans-serif; background-color: var(--ast-global-color-4);\">1.4.1 Uso del sitio web<\/span><\/p>\n<p>El sitio web de +QUE MARKETING proporciona el acceso a art\u00edculos, informaciones, servicios y datos propiedad de +QUE MARKETING. El usuario asume la responsabilidad del uso de la web y se compromete a:<\/p>\n<p>No incurrir en actividades il\u00edcitas, ilegales o contrarias a la buena fe y al orden p\u00fablico<br>No difundir contenidos o propaganda de car\u00e1cter racista, xen\u00f3fobo, pornogr\u00e1fico-ilegal, de apolog\u00eda del terrorismo o atentatorio contra los derechos humanos<br>No provocar da\u00f1os en los sistemas f\u00edsicos y l\u00f3gicos del sitio web, de sus proveedores o de terceros, ni introducir o difundir virus inform\u00e1ticos o sistemas susceptibles de provocar da\u00f1os<br>No intentar acceder y, en su caso, utilizar las cuentas de correo electr\u00f3nico de otros usuarios o modificar o manipular sus mensajes<\/p>\n<p>+QUE MARKETING se reserva el derecho de retirar aquellos comentarios y aportaciones que vulneren el respeto a la dignidad de la persona o que sean discriminatorios, racistas, xen\u00f3fobos, pornogr\u00e1ficos o que atenten contra la seguridad p\u00fablica.<\/p>\n<p>+QUE MARKETING no ser\u00e1 responsable de las opiniones vertidas por los usuarios a trav\u00e9s del blog u otras herramientas de participaci\u00f3n que puedan crearse, conforme a la normativa de aplicaci\u00f3n.<\/p>\n<p><br><\/p>\n<p>1.4.2 Captura de informaci\u00f3n<\/p>\n<p>Formulario de contacto: El usuario deber\u00e1 rellenar su correo electr\u00f3nico, nombre y asunto para realizar consultas<br>Formulario de suscripci\u00f3n: Se solicitar\u00e1 el nombre y correo electr\u00f3nico para suscribirse a la newsletter<br>Formulario de compra: Se solicitar\u00e1n datos personales y de facturaci\u00f3n para procesar pagos y gestionar servicios<br>Cookies de rastreo: Se recopilar\u00e1 informaci\u00f3n relativa a la direcci\u00f3n IP, fecha y hora de acceso, sistema operativo y navegador utilizado para mejorar la experiencia del usuario<\/p>\n<p>Los usuarios podr\u00e1n darse de baja en cualquier momento de los servicios prestados por +QUE MARKETING o eliminar sus datos conforme a la normativa vigente sobre Protecci\u00f3n de Datos.<\/p>\n<p>Al activar una suscripci\u00f3n, completar un formulario de contacto o realizar una compra, el usuario comprende y acepta que sus datos ser\u00e1n tratados de acuerdo con la Pol\u00edtica de Privacidad del sitio web.<\/p>\n<p><br><\/p>\n<ol start=\"2\">\n<li>PROPIEDAD INTELECTUAL E INDUSTRIAL<\/li>\n<\/ol>\n<p>+QUE MARKETING, por s\u00ed o como cesionario, es titular de todos los derechos de propiedad intelectual e industrial de su p\u00e1gina web, as\u00ed como de los elementos contenidos en la misma (textos, im\u00e1genes, sonido, dise\u00f1o, software, combinaciones de colores y estructura).<\/p>\n<p>Queda expresamente prohibida la reproducci\u00f3n, distribuci\u00f3n y comunicaci\u00f3n p\u00fablica, incluida la modalidad de puesta a disposici\u00f3n, de la totalidad o parte de los contenidos de esta p\u00e1gina web con fines comerciales sin la autorizaci\u00f3n expresa de +QUE MARKETING.<\/p>\n<p>El usuario se compromete a respetar los derechos de propiedad intelectual e industrial titularidad de +QUE MARKETING.<\/p>\n<p><br><\/p>\n<ol start=\"3\">\n<li>EXCLUSI\u00d3N DE GARANT\u00cdAS Y RESPONSABILIDAD<\/li>\n<\/ol>\n<p>+QUE MARKETING no se hace responsable, en ning\u00fan caso, de los da\u00f1os y perjuicios de cualquier naturaleza que pudieran ocasionar errores u omisiones en los contenidos, falta de disponibilidad del sitio web o la transmisi\u00f3n de virus o programas maliciosos en los contenidos, a pesar de haber adoptado todas las medidas tecnol\u00f3gicas necesarias para evitarlo.<\/p>\n<p><br><\/p>\n<ol start=\"4\">\n<li>MODIFICACIONES<\/li>\n<\/ol>\n<p>+QUE MARKETING se reserva el derecho de efectuar sin previo aviso las modificaciones que considere oportunas en su web, pudiendo cambiar, suprimir o a\u00f1adir tanto los contenidos y servicios que se prestan a trav\u00e9s de la misma como la forma en la que estos aparecen presentados o localizados en su web.<\/p>\n<p><br><\/p>\n<ol start=\"5\">\n<li>POL\u00cdTICA DE ENLACES<\/li>\n<\/ol>\n<p>Las personas o entidades que pretendan realizar o realicen un hiperenlace desde una p\u00e1gina web de otro portal de Internet al sitio web de +QUE MARKETING deber\u00e1n someterse a las siguientes condiciones:<\/p>\n<p>No se permite la reproducci\u00f3n total o parcial de ninguno de los servicios ni contenidos del sitio web sin la autorizaci\u00f3n expresa de +QUE MARKETING<br>No se establecer\u00e1n deep-links ni enlaces IMG o de imagen sin la autorizaci\u00f3n previa de +QUE MARKETING<br>No se establecer\u00e1 ninguna manifestaci\u00f3n falsa, inexacta o incorrecta sobre la web de +QUE MARKETING ni sobre los servicios o contenidos de la misma<br>El establecimiento del hiperv\u00ednculo no implicar\u00e1 la existencia de relaciones entre +QUE MARKETING y el titular de la p\u00e1gina web desde la cual se realice, ni el conocimiento y aceptaci\u00f3n de +QUE MARKETING de los servicios y contenidos ofrecidos en dicha p\u00e1gina web.<\/p>\n<p><br><\/p>\n<ol start=\"6\">\n<li>DERECHO DE EXCLUSI\u00d3N<\/li>\n<\/ol>\n<p>+QUE MARKETING se reserva el derecho a denegar o retirar el acceso al sitio web y\/o los servicios ofrecidos sin necesidad de preaviso, a instancia propia o de un tercero, a aquellos usuarios que incumplan los presentes t\u00e9rminos de uso.<\/p>\n<p><br><\/p>\n<ol start=\"7\">\n<li>GENERALIDADES<\/li>\n<\/ol>\n<p>+QUE MARKETING perseguir\u00e1 el incumplimiento de estas condiciones, as\u00ed como cualquier utilizaci\u00f3n indebida de su web, ejerciendo todas las acciones civiles y penales que correspondan en derecho.<\/p>\n<p><br><\/p>\n<ol start=\"8\">\n<li>MODIFICACI\u00d3N DE LAS PRESENTES CONDICIONES Y DURACI\u00d3N<\/li>\n<\/ol>\n<p>+QUE MARKETING podr\u00e1 modificar en cualquier momento las condiciones aqu\u00ed determinadas. La vigencia de las citadas condiciones ir\u00e1 en funci\u00f3n de su exposici\u00f3n y estar\u00e1n vigentes hasta que sean modificadas por otras debidamente publicadas.<\/p>\n<p><br><\/p>\n<ol start=\"9\">\n<li>RECLAMACIONES Y RESOLUCI\u00d3N DE CONFLICTOS<\/li>\n<\/ol>\n<p>Si deseas presentar una reclamaci\u00f3n, puedes solicitar una hoja de reclamaciones enviando un correo a <a rel=\"noopener\">hola@aliciamatias.com<\/a>.<\/p>\n<p>En caso de disputa, intentaremos resolver el conflicto de forma amistosa. Si no se llega a un acuerdo, ambas partes se someten a los Juzgados y Tribunales de Las Palmas de Gran Canaria, Espa\u00f1a.<\/p>\n<p><br><\/p>\n<ol start=\"10\">\n<li>LEGISLACI\u00d3N APLICABLE Y JURISDICCI\u00d3N<\/li>\n<\/ol>\n<p>Este aviso legal se rige por la legislaci\u00f3n espa\u00f1ola y cualquier controversia se someter\u00e1 a los tribunales de Las Palmas de Gran Canaria.<\/p><p><br><\/p>\n<ol start=\"11\">\n<li>CONTACTO<\/li>\n<\/ol>\n<p>Si tienes dudas sobre este aviso legal, puedes contactar con nosotros en <a rel=\"noopener\">hola@aliciamatias.com<\/a>.<\/p>\t\t\t\t\t\t\t\t<\/div>\n\t\t\t\t<\/div>\n\t\t\t\t\t<\/div>\n\t\t\t\t<\/div>\n\t\t\t\t<\/div>\n\t\t","protected":false},"excerpt":{"rendered":"<p>Aviso Legal y T\u00e9rminos de Uso 1. Puedo garantizarte que te encuentras en un espacio 100 % seguro, para ello [&hellip;]<\/p>\n","protected":false},"author":1,"featured_media":0,"parent":0,"menu_order":0,"comment_status":"closed","ping_status":"closed","template":"elementor_canvas","meta":{"site-sidebar-layout":"no-sidebar","site-content-layout":"","ast-site-content-layout":"full-width-container","site-content-style":"default","site-sidebar-style":"default","ast-global-header-display":"","ast-banner-title-visibility":"","ast-main-header-display":"","ast-hfb-above-header-display":"","ast-hfb-below-header-display":"","ast-hfb-mobile-header-display":"","site-post-title":"disabled","ast-breadcrumbs-content":"","ast-featured-img":"disabled","footer-sml-layout":"","theme-transparent-header-meta":"","adv-header-id-meta":"","stick-header-meta":"","header-above-stick-meta":"","header-main-stick-meta":"","header-below-stick-meta":"","astra-migrate-meta-layouts":"default","ast-page-background-enabled":"default","ast-page-background-meta":{"desktop":{"background-color":"var(--ast-global-color-5)","background-image":"","background-repeat":"repeat","background-position":"center center","background-size":"auto","background-attachment":"scroll","background-type":"","background-media":"","overlay-type":"","overlay-color":"","overlay-opacity":"","overlay-gradient":""},"tablet":{"background-color":"","background-image":"","background-repeat":"repeat","background-position":"center center","background-size":"auto","background-attachment":"scroll","background-type":"","background-media":"","overlay-type":"","overlay-color":"","overlay-opacity":"","overlay-gradient":""},"mobile":{"background-color":"","background-image":"","background-repeat":"repeat","background-position":"center center","background-size":"auto","background-attachment":"scroll","background-type":"","background-media":"","overlay-type":"","overlay-color":"","overlay-opacity":"","overlay-gradient":""}},"ast-content-background-meta":{"desktop":{"background-color":"var(--ast-global-color-4)","background-image":"","background-repeat":"repeat","background-position":"center center","background-size":"auto","background-attachment":"scroll","background-type":"","background-media":"","overlay-type":"","overlay-color":"","overlay-opacity":"","overlay-gradient":""},"tablet":{"background-color":"var(--ast-global-color-4)","background-image":"","background-repeat":"repeat","background-position":"center center","background-size":"auto","background-attachment":"scroll","background-type":"","background-media":"","overlay-type":"","overlay-color":"","overlay-opacity":"","overlay-gradient":""},"mobile":{"background-color":"var(--ast-global-color-4)","background-image":"","background-repeat":"repeat","background-position":"center center","background-size":"auto","background-attachment":"scroll","background-type":"","background-media":"","overlay-type":"","overlay-color":"","overlay-opacity":"","overlay-gradient":""}},"footnotes":""},"class_list":["post-395","page","type-page","status-publish","hentry"],"_links":{"self":[{"href":"https:\/\/grupomasquemarketing.com\/index.php\/wp-json\/wp\/v2\/pages\/395","targetHints":{"allow":["GET"]}}],"collection":[{"href":"https:\/\/grupomasquemarketing.com\/index.php\/wp-json\/wp\/v2\/pages"}],"about":[{"href":"https:\/\/grupomasquemarketing.com\/index.php\/wp-json\/wp\/v2\/types\/page"}],"author":[{"embeddable":true,"href":"https:\/\/grupomasquemarketing.com\/index.php\/wp-json\/wp\/v2\/users\/1"}],"replies":[{"embeddable":true,"href":"https:\/\/grupomasquemarketing.com\/index.php\/wp-json\/wp\/v2\/comments?post=395"}],"version-history":[{"count":6,"href":"https:\/\/grupomasquemarketing.com\/index.php\/wp-json\/wp\/v2\/pages\/395\/revisions"}],"predecessor-version":[{"id":401,"href":"https:\/\/grupomasquemarketing.com\/index.php\/wp-json\/wp\/v2\/pages\/395\/revisions\/401"}],"wp:attachment":[{"href":"https:\/\/grupomasquemarketing.com\/index.php\/wp-json\/wp\/v2\/media?parent=395"}],"curies":[{"name":"wp","href":"https:\/\/api.w.org\/{rel}","templated":true}]}}